[INFO] fetching crate indexmap-amortized 1.0.1...
[INFO] checking indexmap-amortized-1.0.1 against master#cfbc6d4cf1acbac5c025acf8ed68929caa551df3 for pr-75494-beta
[INFO] extracting crate indexmap-amortized 1.0.1 into /workspace/builds/worker-14/source
[INFO] validating manifest of crates.io crate indexmap-amortized 1.0.1 on toolchain cfbc6d4cf1acbac5c025acf8ed68929caa551df3
[INFO] running `Command { std: "/workspace/cargo-home/bin/cargo" "+cfbc6d4cf1acbac5c025acf8ed68929caa551df3" "read-manifest" "--manifest-path" "Cargo.toml", kill_on_drop: false }`
[INFO] started tweaking crates.io crate indexmap-amortized 1.0.1
[INFO] finished tweaking crates.io crate indexmap-amortized 1.0.1
[INFO] tweaked toml for crates.io crate indexmap-amortized 1.0.1 written to /workspace/builds/worker-14/source/Cargo.toml
[INFO] running `Command { std: "/workspace/cargo-home/bin/cargo" "+cfbc6d4cf1acbac5c025acf8ed68929caa551df3" "generate-lockfile" "--manifest-path" "Cargo.toml" "-Zno-index-update", kill_on_drop: false }`
[INFO] [stderr]     Blocking waiting for file lock on package cache
[INFO] running `Command { std: "/workspace/cargo-home/bin/cargo" "+cfbc6d4cf1acbac5c025acf8ed68929caa551df3" "fetch" "--locked" "--manifest-path" "Cargo.toml", kill_on_drop: false }`
[INFO] [stderr]     Blocking waiting for file lock on package cache
[INFO] running `Command { std: "docker" "create" "-v" "/var/lib/crater-agent-workspace/builds/worker-14/target:/opt/rustwide/target:rw,Z" "-v" "/var/lib/crater-agent-workspace/builds/worker-14/source:/opt/rustwide/workdir:ro,Z" "-v" "/var/lib/crater-agent-workspace/cargo-home:/opt/rustwide/cargo-home:ro,Z" "-v" "/var/lib/crater-agent-workspace/rustup-home:/opt/rustwide/rustup-home:ro,Z" "-e" "SOURCE_DIR=/opt/rustwide/workdir" "-e" "CARGO_TARGET_DIR=/opt/rustwide/target" "-e" "CARGO_HOME=/opt/rustwide/cargo-home" "-e" "RUSTUP_HOME=/opt/rustwide/rustup-home" "-w" "/opt/rustwide/workdir" "-m" "1610612736" "--user" "0:0" "--network" "none" "rustops/crates-build-env@sha256:a636fd89d022f18117e1dc8fb37a0a009933cdbbe082814857f0e2024962d47c" "/opt/rustwide/cargo-home/bin/cargo" "+cfbc6d4cf1acbac5c025acf8ed68929caa551df3" "metadata" "--no-deps" "--format-version=1", kill_on_drop: false }`
[INFO] [stdout] 562b9291287058f9ce66eca66fa26c119565f8b8a8822cdbfbf4f3d2fca22c4e
[INFO] [stderr] WARNING: Your kernel does not support swap limit capabilities or the cgroup is not mounted. Memory limited without swap.
[INFO] running `Command { std: "docker" "start" "-a" "562b9291287058f9ce66eca66fa26c119565f8b8a8822cdbfbf4f3d2fca22c4e", kill_on_drop: false }`
[INFO] running `Command { std: "docker" "inspect" "562b9291287058f9ce66eca66fa26c119565f8b8a8822cdbfbf4f3d2fca22c4e", kill_on_drop: false }`
[INFO] running `Command { std: "docker" "rm" "-f" "562b9291287058f9ce66eca66fa26c119565f8b8a8822cdbfbf4f3d2fca22c4e", kill_on_drop: false }`
[INFO] [stdout] 562b9291287058f9ce66eca66fa26c119565f8b8a8822cdbfbf4f3d2fca22c4e
[INFO] running `Command { std: "docker" "create" "-v" "/var/lib/crater-agent-workspace/builds/worker-14/target:/opt/rustwide/target:rw,Z" "-v" "/var/lib/crater-agent-workspace/builds/worker-14/source:/opt/rustwide/workdir:ro,Z" "-v" "/var/lib/crater-agent-workspace/cargo-home:/opt/rustwide/cargo-home:ro,Z" "-v" "/var/lib/crater-agent-workspace/rustup-home:/opt/rustwide/rustup-home:ro,Z" "-e" "SOURCE_DIR=/opt/rustwide/workdir" "-e" "CARGO_TARGET_DIR=/opt/rustwide/target" "-e" "CARGO_INCREMENTAL=0" "-e" "RUST_BACKTRACE=full" "-e" "RUSTFLAGS=--cap-lints=forbid" "-e" "CARGO_HOME=/opt/rustwide/cargo-home" "-e" "RUSTUP_HOME=/opt/rustwide/rustup-home" "-w" "/opt/rustwide/workdir" "-m" "1610612736" "--user" "0:0" "--network" "none" "rustops/crates-build-env@sha256:a636fd89d022f18117e1dc8fb37a0a009933cdbbe082814857f0e2024962d47c" "/opt/rustwide/cargo-home/bin/cargo" "+cfbc6d4cf1acbac5c025acf8ed68929caa551df3" "check" "--frozen" "--all" "--all-targets" "--message-format=json", kill_on_drop: false }`
[INFO] [stdout] 4c4d6ed84463a8c83b18b20094f11c073415373b25904656acd9ceb916292332
[INFO] [stderr] WARNING: Your kernel does not support swap limit capabilities or the cgroup is not mounted. Memory limited without swap.
[INFO] running `Command { std: "docker" "start" "-a" "4c4d6ed84463a8c83b18b20094f11c073415373b25904656acd9ceb916292332", kill_on_drop: false }`
[INFO] [stderr]     Blocking waiting for file lock on package cache
[INFO] [stderr]    Compiling libc v0.2.76
[INFO] [stderr]    Compiling getrandom v0.1.14
[INFO] [stderr]     Checking ppv-lite86 v0.2.9
[INFO] [stderr]     Checking fnv v1.0.7
[INFO] [stderr]    Compiling hashbrown v0.8.2
[INFO] [stderr]    Compiling indexmap-amortized v1.0.1 (/opt/rustwide/workdir)
[INFO] [stderr]     Checking fxhash v0.2.1
[INFO] [stderr]    Compiling syn v1.0.39
[INFO] [stderr]     Checking griddle v0.3.2
[INFO] [stderr]     Checking rand_core v0.5.1
[INFO] [stderr]     Checking rand_pcg v0.2.1
[INFO] [stderr]     Checking rand_chacha v0.2.2
[INFO] [stderr]     Checking rand v0.7.3
[INFO] [stderr]     Checking quickcheck v0.9.2
[INFO] [stderr]    Compiling rustversion v1.0.3
[INFO] [stderr]    Compiling atone v0.3.1
[INFO] [stdout] error[E0599]: no method named `make_contiguous` found for mutable reference `&mut atone::Vc<Bucket<K, V>>` in the current scope
[INFO] [stdout]    --> src/map.rs:619:18
[INFO] [stdout]     |
[INFO] [stdout] 619 |                 .make_contiguous()
[INFO] [stdout]     |                  ^^^^^^^^^^^^^^^ method not found in `&mut atone::Vc<Bucket<K, V>>`
[INFO] [stdout] 
[INFO] [stdout] 
[INFO] [stdout] error[E0599]: no method named `make_contiguous` found for mutable reference `&mut atone::Vc<Bucket<K, V>>` in the current scope
[INFO] [stdout]    --> src/map.rs:638:18
[INFO] [stdout]     |
[INFO] [stdout] 638 |                 .make_contiguous()
[INFO] [stdout]     |                  ^^^^^^^^^^^^^^^ method not found in `&mut atone::Vc<Bucket<K, V>>`
[INFO] [stdout] 
[INFO] [stdout] 
[INFO] [stdout] error[E0599]: no method named `make_contiguous` found for struct `atone::Vc<Bucket<K, V>>` in the current scope
[INFO] [stdout]    --> src/map.rs:653:14
[INFO] [stdout]     |
[INFO] [stdout] 653 |             .make_contiguous()
[INFO] [stdout]     |              ^^^^^^^^^^^^^^^ method not found in `atone::Vc<Bucket<K, V>>`
[INFO] [stdout] 
[INFO] [stdout] 
[INFO] [stdout] error[E0599]: no method named `reverse` found for struct `atone::Vc<Bucket<K, V>>` in the current scope
[INFO] [stdout]    --> src/map/core/raw.rs:176:22
[INFO] [stdout]     |
[INFO] [stdout] 176 |         self.entries.reverse();
[INFO] [stdout]     |                      ^^^^^^^ help: there is an associated function with a similar name: `reserve`
[INFO] [stdout] 
[INFO] [stdout] 
[INFO] [stderr] error: could not compile `indexmap-amortized`.
[INFO] [stdout] error: aborting due to 4 previous errors
[INFO] [stdout] 
[INFO] [stdout] 
[INFO] [stderr] 
[INFO] [stdout] For more information about this error, try `rustc --explain E0599`.
[INFO] [stdout] 
[INFO] [stderr] To learn more, run the command again with --verbose.
[INFO] [stderr] warning: build failed, waiting for other jobs to finish...
[INFO] [stdout] error[E0599]: no method named `make_contiguous` found for mutable reference `&mut atone::Vc<Bucket<K, V>>` in the current scope
[INFO] [stdout]    --> src/map.rs:619:18
[INFO] [stdout]     |
[INFO] [stdout] 619 |                 .make_contiguous()
[INFO] [stdout]     |                  ^^^^^^^^^^^^^^^ method not found in `&mut atone::Vc<Bucket<K, V>>`
[INFO] [stdout] 
[INFO] [stdout] 
[INFO] [stdout] error[E0599]: no method named `make_contiguous` found for mutable reference `&mut atone::Vc<Bucket<K, V>>` in the current scope
[INFO] [stdout]    --> src/map.rs:638:18
[INFO] [stdout]     |
[INFO] [stdout] 638 |                 .make_contiguous()
[INFO] [stdout]     |                  ^^^^^^^^^^^^^^^ method not found in `&mut atone::Vc<Bucket<K, V>>`
[INFO] [stdout] 
[INFO] [stdout] 
[INFO] [stdout] error[E0599]: no method named `make_contiguous` found for struct `atone::Vc<Bucket<K, V>>` in the current scope
[INFO] [stdout]    --> src/map.rs:653:14
[INFO] [stdout]     |
[INFO] [stdout] 653 |             .make_contiguous()
[INFO] [stdout]     |              ^^^^^^^^^^^^^^^ method not found in `atone::Vc<Bucket<K, V>>`
[INFO] [stdout] 
[INFO] [stdout] 
[INFO] [stdout] error[E0599]: no method named `reverse` found for struct `atone::Vc<Bucket<K, V>>` in the current scope
[INFO] [stdout]    --> src/map/core/raw.rs:176:22
[INFO] [stdout]     |
[INFO] [stdout] 176 |         self.entries.reverse();
[INFO] [stdout]     |                      ^^^^^^^ help: there is an associated function with a similar name: `reserve`
[INFO] [stdout] 
[INFO] [stdout] 
[INFO] [stdout] error: aborting due to 4 previous errors
[INFO] [stdout] 
[INFO] [stdout] 
[INFO] [stdout] For more information about this error, try `rustc --explain E0599`.
[INFO] [stdout] 
[INFO] [stderr] error: build failed
[INFO] running `Command { std: "docker" "inspect" "4c4d6ed84463a8c83b18b20094f11c073415373b25904656acd9ceb916292332", kill_on_drop: false }`
[INFO] running `Command { std: "docker" "rm" "-f" "4c4d6ed84463a8c83b18b20094f11c073415373b25904656acd9ceb916292332", kill_on_drop: false }`
[INFO] [stdout] 4c4d6ed84463a8c83b18b20094f11c073415373b25904656acd9ceb916292332
